58239
List the prime factors of 1597552186.
2, 17, 19, 1427, 1733
What are the prime factors of 83834892?
2, 3, 776249
List the prime factors of 17710945.
5, 7, 19, 26633
What are the prime factors of 60667183?
60667183
What are the prime factors of 222246200?
2, 5, 11, 101021
What are the prime factors of 2188524479?
167, 227, 57731
List the prime factors of 2201876.
2, 550469
What are the prime factors of 1449504526?
2, 37, 53, 599, 617
List the prime factors of 39901871.
1153, 34607
List the prime factors of 1483396078.
2, 741698039
List the prime factors of 52377811.
52377811
What are the prime factors of 5992225382?
2, 11, 13, 17, 1232461
List the prime factors of 26217669.
3, 53, 181, 911
List the prime factors of 480365287.
480365287
What are the prime factors of 309659467?
13, 23819959
List the prime factors of 161615317.
41, 3941837
List the prime factors of 406280813.
43, 557, 16963
List the prime factors of 85294851.
3, 127, 211, 1061
List the prime factors of 60415986.
2, 3, 23, 61, 7177
List the prime factors of 1019134642.
2, 101, 211, 23911
List the prime factors of 587854556.
2, 41, 3584479
List the prime factors of 2270226714.
2, 3, 7, 151, 357967
What are the prime factors of 292411804?
2, 1667, 43853
What are the prime factors of 3479378546?
2, 7, 37, 2203, 3049
List the prime factors of 3662772.
2, 3, 305231
List the prime factors of 6765311.
7, 19, 50867
List the prime factors of 235393917.
3, 11, 17, 419597
What are the prime factors of 698295225?
3, 5, 1019, 9137
List the prime factors of 459549941.
19, 24186839
List the prime factors of 5321054423.
337, 15789479
What are the prime factors of 5449055920?
2, 5, 7, 11, 29, 47, 59
List the prime factors of 466537551.
3, 37, 4203041
What are the prime factors of 229507920?
2, 3, 5, 151, 2111
List the prime factors of 248430281.
11, 409, 55219
What are the prime factors of 2930693556?
2, 3, 7, 34889209
List the prime factors of 4019778671.
61, 71, 928141
What are the prime factors of 90357939?
3, 7, 19, 29, 137
What are the prime factors of 1115611876?
2, 17, 16406057
What are the prime factors of 1435912422?
2, 3, 7, 19, 757, 2377
What are the prime factors of 4711643477?
61, 77240057
What are the prime factors of 345695766?
2, 3, 13, 19, 12277
What are the prime factors of 119882210?
2, 5, 7, 19, 23, 3919
List the prime factors of 88708510.
2, 5, 11, 337, 2393
What are the prime factors of 1764894875?
5, 2137, 6607
List the prime factors of 691717111.
23, 30074657
List the prime factors of 177822819.
3, 19758091
List the prime factors of 713965555.
5, 491, 290821
List the prime factors of 17385997.
17385997
What are the prime factors of 288383918?
2, 53, 2720603
What are the prime factors of 307252992?
2, 3, 400069
What are the prime factors of 513105845?
5, 7, 29, 505523
What are the prime factors of 33268185?
3, 5, 263, 937
What are the prime factors of 1421861889?
3, 7, 7193, 9413
List the prime factors of 65571979.
11, 71, 113, 743
What are the prime factors of 3377226870?
2, 3, 5, 1301, 28843
List the prime factors of 19653936.
2, 3, 71, 73, 79
What are the prime factors of 724406772?
2, 3, 60367231
What are the prime factors of 56422894?
2, 11, 19, 347, 389
List the prime factors of 179702373.
3, 199, 241, 1249
What are the prime factors of 34516647?
3, 11, 17, 20509
List the prime factors of 720013687.
21611, 33317
List the prime factors of 529705277.
31, 17087267
What are the prime factors of 141165132?
2, 3, 41, 479, 599
List the prime factors of 1948239572.
2, 9901, 49193
What are the prime factors of 37367424?
2, 3, 163, 199
What are the prime factors of 4405901254?
2, 17, 131, 151, 6551
What are the prime factors of 7106427978?
2, 3, 13, 91108051
List the prime factors of 98290784.
2, 3071587
List the prime factors of 8393546935.
5, 17, 47, 73, 1693
What are the prime factors of 4877965695?
3, 5, 23, 179, 78989
What are the prime factors of 441592854?
2, 3, 37, 1453
What are the prime factors of 6936676704?
2, 3, 2676187
What are the prime factors of 3743994?
2, 3, 31, 20129
What are the prime factors of 92594561?
6661, 13901
List the prime factors of 70283109.
3, 13, 19, 94849
What are the prime factors of 68256540?
2, 3, 5, 11, 11491
List the prime factors of 649729231.
23, 28249097
What are the prime factors of 9008819?
47, 191677
What are the prime factors of 58580029?
29, 2020001
List the prime factors of 71531269.
71531269
List the prime factors of 254290931.
1061, 239671
What are the prime factors of 1208951717?
29819, 40543
List the prime factors of 49502509.
7, 23, 349, 881
List the prime factors of 253341459.
3, 7, 19, 70549
List the prime factors of 419222153.
7, 59888879
List the prime factors of 224244946.
2, 673, 166601
What are the prime factors of 4851172808?
2, 41, 14790161
What are the prime factors of 665854917?
3, 7, 13, 431, 5659
What are the prime factors of 35821555?
5, 7, 11, 19, 59, 83
What are the prime factors of 138655723?
17, 59, 138241
List the prime factors of 575367772.
2, 7, 29, 167, 4243
What are the prime factors of 77486342?
2, 38743171
List the prime factors of 230245100.
2, 5, 2302451
What are the prime factors of 355317349?
103, 3449683
What are the prime factors of 366632170?
2, 5, 19, 643, 3001
What are the prime factors of 46799314?
2, 2677, 8741
What are the prime factors of 22576461?
3, 349, 21563
List the prime factors of 63691114.
2, 31845557
List the prime factors of 130495178.
2, 11, 1019, 5821
List the prime factors of 1059014861.
1059014861
What are the prime factors of 6786931?
367, 18493
List the prime factors of 1773835889.
7, 5689, 44543
What are the prime factors of 123102716?
2, 11, 23, 103, 1181
List the prime factors of 60404861.
11, 5491351
List the prime factors of 100181908.
2, 19, 1318183
List the prime factors of 422245489.
11447, 36887
List the prime factors of 44516823.
3, 13, 479, 2383
List the prime factors of 2446174221.
3, 67, 12170021
What are the prime factors of 6627058917?
3, 29, 73, 1043467
List the prime factors of 50418365.
5, 127, 79399
List the prime factors of 65734037.
65734037
List the prime factors of 32458491.
3, 13, 17, 16319
List the prime factors of 22803807.
3, 13, 584713
What are the prime factors of 3962830608?
2, 3, 11, 19, 43891
List the prime factors of 511507797.
3, 19, 8973821
List the prime factors of 2735263962.
2, 3, 53, 139, 20627
What are the prime factors of 33381625?
5, 17, 23, 683
List the prime factors of 181790874.
2, 3, 1291, 7823
List the prime factors of 84365563.
3659, 23057
What are the prime factors of 188859666?
2, 3, 31476611
What are the prime factors of 1742502679?
37, 47094667
What are the prime factors of 161868411?
3, 23, 781973
What are the prime factors of 2418750483?
3, 19, 42434219
What are the prime factors of 1178838256?
2, 3079, 23929
What are the prime factors of 31629401?
17, 29, 64157
List the prime factors of 5453819993.
59, 92437627
List the prime factors of 246984849.
3, 9147587
What are the prime factors of 133458250?
2, 5, 359, 1487
List the prime factors of 295747836.
2, 3, 307, 80279
What are the prime factors of 105509933?
41, 2573413
List the prime factors of 1454346201.
3, 7, 11, 29, 61, 3559
What are the prime factors of 656637575?
5, 11, 29, 137, 601
What are the prime factors of 159774483?
3, 11, 17, 284803
What are the prime factors of 424910970?
2, 3, 5, 11, 23, 18661
What are the prime factors of 208050491?
11, 701, 26981
List the prime factors of 31968847.
131, 277, 881
List the prime factors of 197892332.
2, 11, 1063, 4231
What are the prime factors of 9903351?
3, 19, 173743
List the prime factors of 17130700.
2, 5, 107, 1601
List the prime factors of 7778130543.
3, 349, 275147
What are the prime factors of 47398338?
2, 3, 13, 251, 269
What are the prime factors of 551429150?
2, 5, 607, 18169
What are the prime factors of 923849232?
2, 3, 19246859
List the prime factors of 1936146721.
19, 1583, 64373
List the prime factors of 33219808.
2, 1038119
What are the prime factors of 43250765?
5, 8650153
What are the prime factors of 3242681190?
2, 3, 5, 7, 877, 5869
What are the prime factors of 443785084?
2, 110946271
List the prime factors of 2506393261.
2506393261
What are the prime factors of 208102196?
2, 52025549
Li